What are the prime factors of h?
2, 3, 11
Let d(y) = 16*y**2 - 7*y + 15*y + 13*y - 2*y + 10. What are the prime factors of d(-8)?
2, 3, 7
Let k be (99/22)/(6/8). Suppose -5*f = -8*f - k. List the prime factors of (-304)/(-12)*(f + (-14)/(-4)).
2, 19
Suppose x - 2*x + s + 20 = 0, 5*x - 100 = -s. Suppose 0 = 21*m - x*m - 224. List the prime factors of m.
2, 7
Let m(w) be the third derivative of 11*w**4/12 + 41*w**3/6 + 6*w**2 - w. List the prime factors of m(16).
3, 131
Suppose -201*q - 1281 = -208*q. Suppose 5*r + 4*g = 1469, -2*r + 3*g + 131 = -475. Let f = r - q. List the prime factors of f.
2, 3, 19
Let k(w) = 2*w**2 - 6*w - 6. Let q = 29 - 1. Suppose 0 = -v + q - 34. List the prime factors of k(v).
2, 3, 17
Let o(d) = -2*d**3 + 7*d**2 + 6*d - 5. Let j be o(4). Let i(y) be the first derivative of 3*y**4/4 - 2*y**3/3 - y**2/2 + y + 2. List the prime factors of i(j).
61
Let p(u) = 506*u - 174. List the prime factors of p(6).
2, 3, 53
Suppose -3*p - 3*m - 6 = 0, -2*p + 12 = 2*p - m. Let z(w) = 2*w + 2. Let n be z(p). Let f(x) = x**2 - 2*x - 8. List the prime factors of f(n).
2
Suppose -32*j - 5681 = -9*j. Let w = j - -555. List the prime factors of w.
2, 7, 11
Suppose -6*c + 22 = -17*c. Let g be (-571 - (c + 4))*(5 - 6). Suppose j + 5*t - 147 = 0, 5*j - 5*t + g = 9*j. List the prime factors of j.
2, 71
Suppose -5*k = -3*n - 7214, 2*k - 4*n + 1452 = 3*k. Let s be 6/(-27) + k/18. Suppose -5*b - u + 400 = 0, -b + 2*u + 0*u = -s. List the prime factors of b.
2, 5
Suppose 27*a + 6204672 = 117*a + 54*a. What are the prime factors of a?
2, 2693
Let j(p) = -44*p**3 + 2*p + 4. Let l = -412 + 410. What are the prime factors of j(l)?
2, 11
Suppose -5*g + 751643 = -54*g + 3211835. List the prime factors of g.
2, 3, 523
Let h(o) = 228*o - 1863. List the prime factors of h(19).
3, 823
Let y(g) be the third derivative of -g**6/120 - g**5/5 - g**4/24 + 11*g**3/6 + 19*g**2. Let m be y(-14). Suppose m + 73 = 5*f. What are the prime factors of f?
2, 7
Let d(z) = -z**3 + 7*z**2 + 8*z. Let v be d(8). What are the prime factors of (-60)/(-15) + (v - -1331)?
3, 5, 89
Let w = -195 + 208. Suppose 5*c - 15 = 0, -s - w*c + 154 = -10*c. List the prime factors of s.
5, 29
Suppose 57*n + 184 = 34*n. Let p(j) = -2*j**3 - 6*j**2 + 21*j - 7. List the prime factors of p(n).
3, 5, 31
Suppose 0 = v - 4*h - 48, v - 2*h - 50 = h. Let w = -45 + 38. Let z = w + v. List the prime factors of z.
7
Let b be 3/6 + 57/6. Suppose 0 = b*a - 190 + 30. Suppose -14*d - 136 = -a*d. What are the prime factors of d?
2, 17
Suppose w + 35142 = 2*d - 9846, 4*w = -d + 22485. What are the prime factors of d?
83, 271
Suppose -5*l - 4*u = -0*u - 46, 24 = 2*l + 3*u. Suppose 0 = l*i - 324 - 288. What are the prime factors of i?
2, 3, 17
Let o(m) = 10*m**2 - 10. Let p be o(4). Let x = p + -222. Let i = x + 172. What are the prime factors of i?
2, 5
Let d = -9 - -36. Let w(t) = t - 25. What are the prime factors of w(d)?
2
Let c = 7 - -17. Suppose 5*q = 519 - c. Let p = -83 + q. List the prime factors of p.
2
Let u(w) = 2*w**3 - 2*w**2 + 15*w - 7. Let o = 158 + -154. What are the prime factors of u(o)?
149
Let s = 6463 - 6443. Let m be 0 + 2685*1*-1. List the prime factors of 1 - ((-3)/4 + m/s).
2, 17
Let a = 41 + -38. Suppose -a*w = -2*w - 104. Suppose -o - 61 = -2*v, 4*o = -4*v - 0*o + w. List the prime factors of v.
29
Let l(w) = w**3 - 4*w**2 - 27*w + 6. Suppose 37*c - 2*c - 455 = 0. What are the prime factors of l(c)?
2, 3, 7
List the prime factors of -6 - 1 - (-24175 - 571).
11, 13, 173
Suppose -3*d - 2*i = -15296 - 19787, 0 = -5*d + 3*i + 58478. What are the prime factors of d?
5, 2339
Let v be 493/51 - (-4)/(-6). What are the prime factors of 58/(-18) - -3 - (-1064)/v?
2, 59
Let n(c) = 2*c**3 + 125*c**2 + 45*c + 547. What are the prime factors of n(-55)?
23, 1889
Let r = -392 - -395. Suppose -5*a = -8*y + 3*y - 1415, r*a = 2*y + 849. What are the prime factors of a?
283
Let q(i) = 31*i + 60. Let y be q(4). Suppose 506 = 2*m - y. List the prime factors of m.
3, 5, 23
Let g(p) be the third derivative of 113*p**6/120 + 7*p**5/60 - 17*p**4/24 - p**3/6 + 43*p**2 + 4. List the prime factors of g(2).
3, 13, 23
Suppose 3*t + v - 296 = 0, 2*v - 27 + 135 = t. Let w = -16 - -71. Let j = t - w. List the prime factors of j.
3, 5
Let o = 5 + -3. Suppose o*l = -0*l - 2. List the prime factors of -7 + 75 - (l - -4).
5, 13
Suppose 3399 = r + 961. Suppose 0 = -3*p + 2*y + r, 12*y - 10 = 10*y. What are the prime factors of p?
2, 3, 17
Let j(c) = -c**2 + 10*c - 22. Let d be j(10). Let l be 4/d + 1465/11 + 3. List the prime factors of 8/(-2) + l - -1.
7, 19
Let j = 199765 - 135166. List the prime factors of j.
3, 61, 353
Let s(j) = -3*j**3 - 16*j**2 - 5*j - 3. Let x be s(-5). What are the prime factors of (1/x)/(4*7/(-119196))?
3, 11, 43
Let k(d) = d**2 - 4*d + 1. Let a be k(3). Let i be -145 + 4/(a - -6). Let b = i - -205. What are the prime factors of b?
61
Suppose -5*f - 180 = -5*r, -15*r + 2*f = -16*r + 21. Suppose -5*y + 2*n = -n - 94, 4*n - 56 = -4*y. Let j = r - y. What are the prime factors of j?
2, 7
Let t = 2787 + 8461. List the prime factors of t.
2, 19, 37
Let r = -261 - -1441. Suppose -r + 6476 = 16*w. List the prime factors of w.
331
Let u = -2492 + 2496. Let o(m) = 27*m - 17. Let c(i) = -107*i + 67. Let p(q) = -6*c(q) - 22*o(q). List the prime factors of p(u).
2, 41
Let q(t) = 35*t**2 - 2*t + 9. What are the prime factors of q(-9)?
2, 3, 53
List the prime factors of (6227 + (8 - 2))*2.
2, 23, 271
Let v be ((-5)/(315/(-54)))/(2/35). Let m(t) = 20*t - 2 + 9 + t**2 - 2*t**2. List the prime factors of m(v).
2, 41
Let n(g) = 79*g**2 + 204*g + 1925. List the prime factors of n(-10).
3, 5, 173
Let x = -121 - -205. Suppose -4*t + t = x. List the prime factors of 1 + (-1436)/t - (-2)/(-7).
2, 13
Let o(m) = -16*m**2 - 9*m - 33. Let t be o(-4). List the prime factors of 182 - (t/(-66) - (-1)/6).
2, 89
What are the prime factors of 34398 + 10 + 3*15/(-5)?
41, 839
Let q = 9975 - 15420. List the prime factors of 4/3*q/(-15).
2, 11
Let y be 58/145 - (-24)/(-10). What are the prime factors of (-1341)/y + 80/32?
673
Let r(s) = s**3 - 14*s**2 + s - 16. Let j be r(14). Let v be ((-1)/2)/(j*4/1712). Suppose 16*t - v = 15*t. List the prime factors of t.
107
Suppose 0*z = z + 2*z. Suppose z*a - 2*a - a = 0. Suppose a*p - p = -101. What are the prime factors of p?
101
Let l = -222 - -348. What are the prime factors of (-4108)/(-18) - 28/l - -1?
229
Suppose -3*d - 3*d + 60 = 0. Suppose d*o - 2*o = -184. Let p = 45 + o. List the prime factors of p.
2, 11
Let u be 418966/(-4336) - ((-76)/(-32) + (1 - 3)). Suppose -h = -3*n + 548, -6*n + 5*h = -n - 920. Let l = n + u. List the prime factors of l.
5, 17
Let f(u) = 22*u - 7. Let n = 38 - -4. Let k be (11/(-33))/((-2)/n - 0). What are the prime factors of f(k)?
3, 7
Suppose -k = 95*x - 99*x - 5035, 0 = 2*k - x - 10042. What are the prime factors of k?
3, 7, 239
Suppose -955*f + 35169750 = -330*f + 365*f. What are the prime factors of f?
5, 7, 29
List the prime factors of -2*(-13)/(182/42105).
3, 5, 401
Suppose 0 = -14*w + 4 + 10. Let u be 5 - -2 - ((6 - 3) + w). Suppose 5*d - 4*a = 1168, 9*a + 706 = u*d + 4*a. List the prime factors of d.
2, 29
Suppose -24 = -2*i + 4*i. Let m be i/(-4) + 1 + 219. Suppose 2*c = 603 - m. List the prime factors of c.
2, 5, 19
Suppose 184246 = 86*n - 52*n. List the prime factors of n.
5419
Let y be (-998)/(-52)*6 - (-8)/(-52). Suppose y = 5*f - 535. Suppose 0*s - 4*h + 90 = s, f = s - 4*h. List the prime factors of s.
2, 5, 11
Let s(a) be the second derivative of 0*a**2 + a - 1/2*a**3 + 5/6*a**4 + 0. What are the prime factors of s(2)?
2, 17
Suppose 311*v + 47071 = 312*v - 2*f, 5*v + 2*f - 235283 = 0. What are the prime factors of v?
47059
Let j be (-3)/((-9)/26)*(-6)/(-4). Suppose 0 = -3*v - 5 - j. What are the prime factors of (-9)/v*88/3?
2, 11
Let m = 45572 + -31621. List the prime factors of m.
7, 1993
Let q = -3020 - -6650. What are the prime factors of q?
2, 3, 5, 11
Suppose 0 = -3*t + 4*t + 2*w - 18, -3*w + 9 = 0. Suppose t*a + 28050 = a. List the prime factors of ((-9)/15)/(6/a).
3, 5, 17
Suppose -173 = -3*g + 232. Suppose -g = -15*j + 12*j. Let a = 52 - j. What are the prime factors of a?
7
Suppose -3*g = -9*g + 42. Suppose 0 = 3*h - 8 + 2. 